) + 1?
-4
Evaluate (-4 - 1) + 9 + 2 + -8.
-2
8 + -6 - (2 - (-4 - -3))
-1
Evaluate 4 + -5 - (-1 - (-4 + 5)).
1
-2 + 9 - (5 + 0 + -2)
4
Calculate -7 - (-5 - 3) - 3.
-2
What is -3 + (-5 - 8 - -9)?
-7
Evaluate (-1 - -7) + 3 - 6.
3
Evaluate -7 - (2 + -1 + 0 - 3).
-5
Evaluate 12 - 10 - (-1 - -2).
1
-2 - 1 - (23 - 22) - 1
-5
What is (2 + -1 - 0) + (-10 - -7)?
-2
10 + -7 + 3 - 5
1
What is the value of (9 - 2) + -1 - (15 - 14)?
5
What is the value of 4 + (1 - 6 - -6) + -6?
-1
(-6 - -1) + 33 + -29
-1
What is -4 + -1 - (-18 + 7 + 8)?
-2
-2 + (10 - (-2 + 6))
4
-12 + (-1 - (0 - 8)) + 2
-3
Evaluate 13 + -3 + 1 - 8.
3
What is 3 - (5 - 1 - (32 - 35))?
-4
What is the value of -3 - (2 + -2) - -6?
3
What is the value of -1 + -3 - (-3 + 1 + 1)?
-3
Evaluate 4 - (6 + (-6 - -4)).
0
Evaluate -3 + 0 + -1 + 2.
-2
Evaluate 3 + (-2 - -3 - 9).
-5
Calculate -5 + (-1 - -3) - (4 + -8).
1
Calculate 1 - -10 - (33 - 25).
3
What is (12 - (-3 + 9)) + -3 - 8?
-5
What is the value of -8 + 4 - (3 - 5 - -1)?
-3
What is the value of 1 + 2 + -11 + 6?
-2
Calculate 2 + -9 - (-2 + 0 + -5).
0
(-8 - (3 - 0)) + 5
-6
What is the value of 0 + -1 + -34 + 38 + 2?
5
0 + 0 - 4 - (-2 - 2)
0
What is the value of (-17 - -4) + 7 + 3?
-3
Evaluate 9 + 4 + -10 - 6.
-3
Calculate 0 - (6 - 3) - -2 - 4.
-5
What is 6 + 0 - (-3 + 11 + -5)?
3
What is 6 - (7 + (-7 - -1))?
5
What is the value of -1 + (-2 - -4) + (49 - 50)?
0
Evaluate (6 - 1) + 3 + 3 + -11.
0
Calculate 1 - (-3 + 10) - (-1 + 0).
-5
Calculate (-3 - (-1 + 1)) + 1 + -1.
-3
-3 + (4 + 2 - 0) + -8
-5
What is -8 - -2 - (20 + -25)?
-1
What is the value of 6 - 1 - 0 - 7?
-2
Evaluate 3 + -2 - (-2 - -7).
-4
-10 - (-14 - (-1 - -1))
4
What is -3 - (0 + -8 + 6)?
-1
Calculate -8 - -5 - (2 + 0 + -2).
-3
What is -6 - (-3 + (2 - 0))?
-5
0 + 3 - (-7 + (3 - -9))
-2
What is 4 + -2 + -2 - 4?
-4
0 + 4 + -3 + 1 + 2
4
Evaluate -10 + 9 + (-9 - -3).
-7
Evaluate 7 + -5 + 10 + -8.
4
3 + (3 - (0 - -2)) + 0
4
4 + (3 - 1 - (8 + 1))
-3
What is 7 + 2 + -14 + 8?
3
What is the value of 2 + 0 - (0 + 0)?
2
Evaluate -8 - -4 - -3 - (3 + -1).
-3
6 + 1 + 1 + -3
5
What is the value of -11 + (5 - (-7 + 11 + -5))?
-5
Evaluate -4 + 2 - (9 + -15).
4
What is 2 + -4 + -14 + 14?
-2
What is (-17 - -15) + -9 + 4?
-7
What is the value of -1 - (-7 + 9 + -2 - 0)?
-1
What is the value of 17 - 9 - (2 + 6)?
0
What is the value of -9 + 6 + (-1 - -10)?
6
Evaluate -1 - 2 - (3 - (0 + 3)).
-3
What is the value of 6 + 3 + 10 + -10?
9
What is the value of -1 + -2 + -3 + 4?
-2
(7 + 6 - 14) + -9
-10
What is 3 - (5 - 2 - (-5 - -8))?
3
Evaluate -22 + 17 - (-2 + 6) - 0.
-9
Evaluate 4 + (-3 - 3) + -3.
-5
3 + -3 + -2 - -4
2
What is -19 - -6 - -6 - -6?
-1
What is -1 - (-9 - (-1 + (1 - 4)))?
4
Calculate -3 - -14 - (-11 - -19).
3
(1 - 0 - (10 - 2)) + 2
-5
Evaluate 4 - 12 - (0 - 4).
-4
Calculate 4 + (4 - (5 - -7)).
-4
What is 3 + -2 - -4 - 4?
1
15 - (2 - (-11 + -1))
1
What is the value of -9 - (0 + (3 - (-2 + 9)))?
-5
What is the value of -6 - (3 - (6 - 1))?
-4
What is 9 + -6 - -6 - 8?
1
-3 + 12 - (10 + -6)
5
Calculate -8 - (7 + (-11 - 6) + 3).
-1
Calculate (12 - 7) + -11 + 11.
5
-4 - 1 - 1 - -3
-3
What is 6 - (6 + -3 + -5)?
8
1 + (-6 - (2 - (-4 - -9)))
-2
Evaluate 15 + -3 + -7 - 11.
-6
1 + 2 - (6 - (5 + 1))
3
What is the value of (4 - -5) + -4 + -3?
2
What is the value of 5 - -2 - (25 + -20)?
2
What is the value of -3 - (3 + 1 - 7)?
0
Evaluate 2 + 2 - (5 + (0 - -1)).
-2
Calculate -27 + 24 - (1 + -9).
5
4 + -1 - (-6 - -6)
3
What is the value of -2 - (1 - (-1 - -5))?
1
Calculate 24 - (-10 + 10 + 15).
9
Calculate -20 + 8 + -5 - -12.
-5
1 + (-5 - 5 - -5)
-4
Evaluate 5 - 0 - (-7 + 8).
4
Calculate 0 - ((6 - 6) + 5).
-5
What is the value of (2 - (-3 - -3)) + -1 + -3?
-2
What is the value of (1 - 1) + 2 + -4?
-2
Evaluate 8 + 5 + -10 + -4 + 1.
0
Calculate 8 - (-4 - (2 + -3)) - 6.
5
What is 4 + 0 - -3 - (-1 + 4)?
4
Evaluate 11 + (0 - -2) + (0 - 7).
6
Calculate 8 - (4 + -1) - 5.
0
Calculate (-2 - 5) + -1 + 3.
-5
Calculate 4 + -7 + 4 - 1.
0
What is the value of 4 + (3 + -1 - 2) + -2?
2
Calculate 0 + -1 + 2 + (-8 - -8).
1
What is 7 + (5 - 6) + -2 + -4?
0
Calculate (1 - 1) + (-10 - -8).
-2
Calculate 14 + -5 + -5 + -3.
1
What is the value of (0 - 0) + (10 - 15)?
-5
What is the value of (8 - 16) + (0 - -3)?
-5
37 + -40 - (-1 + -2 + -6)
6
What is (-6 + 0 - 9) + 9?
-6
Calculate (0 - 3) + 4 + 0.
1
Evaluate (7 - 15) + 8 + -2.
-2
Evaluate 2 + (2 - 2) - 5.
-3
What is the value of (4 - -5) + -9 + -3?
-3
What is 6 + -4 - -4 - 8?
-2
Evaluate (-1 + 2 - (-6 + 3)) + 1.
5
Evaluate (-16 - -3 - -5) + 13.
5
-6 - (2 - 6) - (-4 + -1)
3
What is the value of (-5 - -4) + 1 + 2 + 2?
4
What is the value of -1 + 2 - (13 - (-5 - -23))?
6
What is -1 + -8 + 7 - -4?
2
3 + 0 - (-8 + 4 + 3)
4
Calculate (-2 - -1) + 1 - 5 - -10.
5
What is 6 + 0 + -1 + 16 + -21?
0
What is the value of (-4 - 0) + 7 - 2 - -1?
2
What is the value of (-6 - (-10 - -5)) + 2 + -5?
-4
Evaluate 1 + (-8 - -5) - 0.
-2
What is -2 + 2 + 1 - (1 - 2)?
2
Evaluate 0 + -2 + -14 + -5 + 16.
-5
What is the value of -3 + 6 + -8 + 0?
-5
What is -5 - (-7 - (-8 + 1))?
-5
What is the value of -31 + 15 - (-3 + -4)?
-9
What is the value of (6 - 9) + (2 - (-7 - -2))?
4
Calculate -9 + 0 + 9 - 3.
-3
12 - (-9 + 20) - (5 - 1)
-3
Calculate -1 + 0 - (1 - 6 - 1).
5
-3 + (15 + -2 - 5)
5
What is 6 - (0 - (-4 + 0))?
2
4 - (6 - (10 + -4))
4
Calculate (-1 - 0) + 5 + (2 - -1).
7
(-7 - 18 - -18) + (4 - 0)
-3
Calculate 6 - (-6 + (-5 - (2 - 23))).
-4
Calculate 2 + -5 + 0 + 4.
1
Evaluate (-11 - (-4 + -20)) + -11.
2
-11 + (17 - -1) - 11
-4
Calculate -8 + (-8 - (2 - (15 + -6))).
-9
2 + -2 + 6 + -11
-5
Evaluate -12 - (-20 + 1 + 6).
1
7 - ((11 - (0 + 4)) + -6)
6
What is the value of (-124 - -131) + (-4 - (-2 + 1))?
4
What is -3 + -4 + 6 + -3?
-4
13 + -3 + (-32 - -19)
-3
(2 - 2) + (11 - (-6 - -24))
-7
What is 1 - (7 - 0) - -2?
-4
What is the value of (-5 - (-3 + -4) - 3) + 10?
9
What is the value of 2 - 0 - (5 - 2 - 1)?
0
Evaluate 7 - -1 - (5 - 0).
3
(-19 - -12) + (-4 - 1) + 13
1
What is 0 + 3 + (0 - -3 - 1)?
5
Calculate (-5 - 0) + -1 + (7 - 3).
-2
What is the value of -1 + -17 + 9 + -2?
-11
What is the value of -2 - 3 - (-3 - 3)?
1
What is -4 + 13 + -6 - 1?
2
Evaluate -1 + 3 + (2 - 8 - -3).
-1
Evaluate 4 + 2 + (10 + -18 - 4).
-6
Calculate -4 + 8 - (16 + -11).
-1
What is (-1 - -15) + (-3 - -2) - 6?
7
(0 - 4) + -1 + 8
3
-5 - (-3 + (-10 - -5))
3
(1 - 7) + 3 + 17 + -5
9
What is -3 - -4 - (-3 + 5)?
-1
Evaluate 3 + -10 - (1 - 4).
-4
Evaluate -7 + 9 + 7 + -9.
0
What is the value of -5 - (-10 + 8 + (0 - 10))?
7
Evaluate -13 + 6 + 2 + 7.
2
What is the value of 0 - (-4 - -7) - (-1 - 1)?
-1
Calculate -9 - (8 - (4 - -4)).
-9
What is 1 - 5 - (-2 - -3)?
-5
Evaluate -36 + 30 - (-1 + -4).
-1
What is the value of 2 + 3 + 4 + -9?
0
Calculate (-4 - 3) + (3 - 0).
-4
What is the value of 1 - (-3 + (14 - 6))?
-4
(11 - 29) + 11 - -3
-4
What is -1 - 7 - -6 - 3?
-5
Evaluate 3 - (-7 - -6 - -7).
-3
Calculate -7 - -6 - 6 - -3.
-4
What is the value of 5 + -2 + -6 + 2?
-1
5 + (4 - (-2 + 8))
3
What is (-2 - -2 - 4 - -6) + -2?
0
Evaluate -8 + 6 + (1 - 5).
-6
Evaluate -3 - (-4 - (-3 - (3 - 4))).
-1
Evaluate -10 + 7 + 2 + -4.
-5
What is 2 + 1 + 2 - (1 - -2)?
2
-4 + 1 + -4 + 4
-3
What is 1 - 3 - (2 + -1)?
-3
Calculate -7 + (9 + -9 - (-2 + 1)).
-6
What is 0 + -4 + 1 + (-28 - -26)?
-5
4 + (0 - (2 + 1)) + 0
1
What is the value of (0 - 1) + -7 + 8 + -5?
-5
What is the value of (4 - 1) + 10 + (-10 - -5)?
8
What is -7 + 2 + -2 + 5?
-2
0 + 1 + 2 + (-3 - -4)
4
Evaluate -5 + -5 + 13 + -5.
-2
What is the value of (-2 - 0) + (-28 - -31)?
1
Evaluate 2 + -3 + -2 - (-9 + 7).
-1
What is 3 - 0 - (2 - 2 - 1)?
4
-5 - (-1 - (11 + -5))
2
What is -11 - (10 + -9 + -11)?
-1
What is the value of -6 + -2 + (-5 - -8 - -3)?
-2
What is 1 + (-5 + 7 - -4) + -1?
6
What is the value of 1 + (1 - -1) - (5 + -1)?
-1
8 + ((1 - 4) + 1 - 1)
5
(18 - 12) + (-3 - 1)
2
What is 1 + 0 + (24 - 32)?
-7
-1 - (-8 + 6 + -4 + -1)
6
0 + 7 + -6 + -1
0
(1 - (2 + 4 + 4)) + 4
-5
What is 3 + (-3 - -1 - 3)?
-2
Calculate 0 - 8 - (2 + -3).
-7
What is 0 + (11 - 9 - (7 - 4))?
-1
Calculate 10 + -12 + (1 - -1).
0
Evaluate (0 - (-5 + 1)) + -5 - 4.
-5
What is (0 - 11) + -7 - -12?
-6
Calculate -1 + 3 - ((-6 - -2) + 2).
4
Calculate -7 - ((2 - -2) + -8).
-3
What is the value of (6 - (5 + -3)) + -8?
-4
-4 + 4 + -1 - 5
-6
Calculate 3